{"id":44,"date":"2025-04-18T01:30:05","date_gmt":"2025-04-17T23:30:05","guid":{"rendered":"https:\/\/sesaepco.afrimvoe.net\/?page_id=44"},"modified":"2025-10-20T03:29:57","modified_gmt":"2025-10-20T01:29:57","slug":"nous-soutenir","status":"publish","type":"page","link":"https:\/\/sesaepco.afrimvoe.net\/index.php\/nous-soutenir\/","title":{"rendered":"Soutien\/Don"},"content":{"rendered":"\n<p><strong>Pourquoi donner ?<\/strong><br>Votre don permet de :<\/p>\n\n\n\n<ul class=\"wp-block-list\">\n<li>Financer des campagnes de sant\u00e9 itin\u00e9rantes<\/li>\n\n\n\n<li>Former des b\u00e9n\u00e9voles aux premiers secours<\/li>\n\n\n\n<li>Acheter des m\u00e9dicaments et \u00e9quipements<\/li>\n\n\n\n<li>Soutenir les populations enclav\u00e9es<\/li>\n<\/ul>\n\n\n\n<p><strong>Comment donner ?<\/strong><\/p>\n\n\n\n<ul class=\"wp-block-list\">\n<li>Par transfert mobile : +237 6 81 34 56 41 (Ecrivez sur Whatsapp, nous vous dirons quoi faire)<\/li>\n\n\n\n<li>Sur compte bancaire <\/li>\n\n\n\n<li>En nature : m\u00e9dicaments, mat\u00e9riel m\u00e9dical, v\u00e9hicules<\/li>\n<\/ul>\n\n\n\n<p><strong>Transparence<\/strong><br>Tous les dons sont suivis et rapport\u00e9s dans nos bilans annuels. Chaque contributeur re\u00e7oit un re\u00e7u et un rapport d\u2019impact.<\/p>\n","protected":false},"excerpt":{"rendered":"<p>Pourquoi donner ?Votre don permet de : Comment donner ? TransparenceTous les dons sont suivis et rapport\u00e9s dans nos bilans annuels. Chaque contributeur re\u00e7oit un re\u00e7u et un rapport d\u2019impact.<\/p>\n","protected":false},"author":1,"featured_media":0,"parent":0,"menu_order":0,"comment_status":"closed","ping_status":"closed","template":"","meta":{"footnotes":""},"class_list":["post-44","page","type-page","status-publish","hentry"],"_links":{"self":[{"href":"https:\/\/sesaepco.afrimvoe.net\/index.php\/wp-json\/wp\/v2\/pages\/44","targetHints":{"allow":["GET"]}}],"collection":[{"href":"https:\/\/sesaepco.afrimvoe.net\/index.php\/wp-json\/wp\/v2\/pages"}],"about":[{"href":"https:\/\/sesaepco.afrimvoe.net\/index.php\/wp-json\/wp\/v2\/types\/page"}],"author":[{"embeddable":true,"href":"https:\/\/sesaepco.afrimvoe.net\/index.php\/wp-json\/wp\/v2\/users\/1"}],"replies":[{"embeddable":true,"href":"https:\/\/sesaepco.afrimvoe.net\/index.php\/wp-json\/wp\/v2\/comments?post=44"}],"version-history":[{"count":3,"href":"https:\/\/sesaepco.afrimvoe.net\/index.php\/wp-json\/wp\/v2\/pages\/44\/revisions"}],"predecessor-version":[{"id":168,"href":"https:\/\/sesaepco.afrimvoe.net\/index.php\/wp-json\/wp\/v2\/pages\/44\/revisions\/168"}],"wp:attachment":[{"href":"https:\/\/sesaepco.afrimvoe.net\/index.php\/wp-json\/wp\/v2\/media?parent=44"}],"curies":[{"name":"wp","href":"https:\/\/api.w.org\/{rel}","templated":true}]}}